2 - 194*x - 5. Calculate p(-5).
-1610
Let z(f) = 42*f - 4799. What is z(115)?
31
Let q(m) = 21*m**2 - 10611*m - 94063. Determine q(514).
-1
Let h(j) = -2626*j + 36696. Calculate h(14).
-68
Let d(g) = g**3 - 4*g**2 + 45*g + 45. Give d(-1).
-5
Let v(q) = 2*q**3 + 426*q**2 + 437*q + 3764. Give v(-212).
1008
Let o(q) = -20*q**2 + 823*q + 7814. Determine o(-8).
-50
Let o(f) = -20340*f - 35. Determine o(0).
-35
Let d(h) = 177*h**3 + 19*h**2 + 20*h + 36. What is d(-2)?
-1344
Let h(o) = -3701*o + 85304. Determine h(23).
181
Let z(i) = -4*i**3 - 193*i**2 + 1500*i + 806. Calculate z(-55).
-19
Let l(g) = -5*g**2 - 59*g - 792. What is l(-12)?
-804
Let x(l) = 2*l**3 - 180*l**2 + 191*l - 1152. What is x(89)?
5
Let r(a) = -961*a**2 - 46129*a + 101. Calculate r(-48).
149
Let j(s) = s**3 + 53*s**2 + 496*s - 11. Determine j(-13).
301
Let c(x) = 1909*x - 3892. What is c(2)?
-74
Let h(v) = -v**3 + 20*v**2 + 28*v + 167. What is h(-5)?
652
Let j(p) = 58*p**2 + 2841*p - 18. Determine j(0).
-18
Let p(h) = h**3 - 5*h**2 - 34. Calculate p(6).
2
Let o(r) = 4*r**2 - 3622*r + 781672. Determine o(355).
-38
Let c(q) = -15926*q - 366362. Give c(-23).
-64
Let n(s) = 14*s + 408. Give n(-84).
-768
Let s(r) = -r**3 + 3*r**2 - 743*r + 2991. Calculate s(4).
3
Let t(f) = -f**3 + 19*f**2 - 3185*f + 64092. Determine t(20).
-8
Let a(s) = -25*s**3 - 3278*s**2 - 396*s - 364. Calculate a(-131).
29
Let f(c) = -c**3 - 80*c**2 + 287*c + 16667. Calculate f(-81).
-19
Let h(g) = 263791*g + 2110307. Calculate h(-8).
-21
Let z(n) = -20*n**2 + 3045*n + 25649. Determine z(-8).
9
Let p(l) = 2*l**2 - 671*l - 20875. Determine p(366).
1451
Let p(j) = -98*j - 15803. Calculate p(-162).
73
Let g(k) = -2*k**3 + 43*k**2 + 119*k - 6. Determine g(-3).
78
Let g(j) = j**2 - 113*j + 43. Determine g(-16).
2107
Let p(q) = -379*q - 10288. What is p(-29)?
703
Let h(b) = -72611*b - 1089297. Give h(-15).
-132
Let q(f) = -f**3 + 6*f**2 + 18782*f - 112670. What is q(6)?
22
Let f(g) = -11*g**2 + 10799*g - 7835. Determine f(981).
13
Let z(h) = -h**2 - 464*h - 16569. Calculate z(-39).
6
Let o(p) = -19*p**2 - 2764*p - 13750. Calculate o(-5).
-405
Let m(s) = -44*s**2 - 8091*s + 629. What is m(-184)?
-291
Let t(x) = x**3 + 42*x**2 - 133*x + 85. Calculate t(-45).
-5
Let u(d) = -8*d**2 + 121*d + 1463. Calculate u(23).
14
Let b(f) = f**3 + 8*f**2 + 112*f + 413. What is b(-4)?
29
Let l(y) = 2*y**2 - 311*y + 11688. Calculate l(46).
1614
Let l(r) = -9*r**3 + 2*r**2 + 159*r + 321. Calculate l(-2).
83
Let f(p) = p**2 - 1080*p + 285194. Give f(460).
-6
Let v(i) = 1402*i + 7529. Calculate v(-5).
519
Let w(g) = 29*g**3 - 5*g**2 + 2625*g + 7855. What is w(-3)?
-848
Let j(k) = 312*k**2 - 3807*k - 49. What is j(12)?
-805
Let z(r) = r**2 + 17*r - 2704. Determine z(-61).
-20
Let s(l) = -113169*l + 678957. Determine s(6).
-57
Let x(k) = 2*k**3 - 207*k**2 + 10509. Calculate x(103).
-100
Let j(l) = -l**2 + 764*l - 9804. Determine j(13).
-41
Let b(n) = 3*n**3 + 25*n**2 + 4287*n + 34194. Determine b(-8).
-38
Let v(j) = 22*j**2 + 27*j - 21. Calculate v(-4).
223
Let r(v) = -4*v**3 + 471*v**2 - 2843*v - 24. Give r(6).
-990
Let w(t) = t**2 - 13628*t - 2178196. Calculate w(-158).
-8
Let t(a) = 294*a + 19437. What is t(-68)?
-555
Let p(h) = -620*h - 1702. Calculate p(-3).
158
Let l(o) = -o**3 + 12581*o**2 - 88012*o - 40. What is l(7)?
2
Let y(k) = 32*k**2 - 6327*k - 27686. Determine y(202).
-12
Let x(g) = 43292*g + 952398. Calculate x(-22).
-26
Let n(v) = 270381*v + 811143. Determine n(-3).
0
Let z(o) = 2*o**2 + 22159*o + 464454. Determine z(-21).
-3
Let v(n) = -4*n**2 + 24*n + 158. Determine v(-8).
-290
Let s(x) = x**3 - 12*x**2 - 230*x - 774. Give s(-4).
-110
Let w(t) = 415*t**2 - 2599*t + 2600. Determine w(1).
416
Let s(v) = 2258*v + 108360. Calculate s(-48).
-24
Let p(w) = -3*w**3 + 570*w**2 + 43*w - 8181. What is p(190)?
-11
Let n(y) = y**2 - 11*y - 2536. Determine n(54).
-214
Let m(l) = l**3 + 6*l**2 - 49379*l - 246891. Determine m(-5).
29
Let w(z) = -7*z**3 - 2085*z**2 + 6625*z + 858. Calculate w(-301).
-45
Let g(p) = -p**2 - 2733*p + 173321. What is g(62)?
31
Let p(n) = -4847*n + 24325. Calculate p(5).
90
Let s(q) = 9670*q - 164393. What is s(17)?
-3
Let j(x) = 2372*x**3 - 17*x**2 + 12*x + 28. Determine j(-1).
-2373
Let v(d) = -d**3 - 27*d**2 + 10*d + 283. Calculate v(-27).
13
Let c(t) = -5855*t - 761142. Give c(-130).
8
Let x(v) = -327562*v - 1965369. What is x(-6)?
3
Let n(i) = 16*i**3 - 160*i - 748. Calculate n(-6).
-3244
Let k(w) = 2*w**3 - 656*w**2 - 726*w + 22506. Give k(329).
134
Let i(s) = s**2 - 1258*s - 183581. Give i(-132).
-101
Let x(o) = -o**3 + 171*o**2 + 9982*o. Give x(217).
0
Let c(j) = -6165*j + 31741. Calculate c(5).
916
Let j(r) = -123*r**2 + 1029*r - 452. What is j(8)?
-92
Let x(a) = 15*a**2 + 4187*a + 29084. Determine x(-272).
-20
Let r(n) = 321*n**2 + 1120*n - 1120. Determine r(1).
321
Let z(h) = -1159*h - 124013. What is z(-107)?
0
Let l(y) = 719*y - 448. Calculate l(2).
990
Let c(m) = -69*m**2 + 188*m + 31. What is c(3)?
-26
Let q(v) = v**3 - 84*v**2 + 126*v + 3127. Determine q(82).
11
Let j(z) = -145838*z - 4229305. Determine j(-29).
-3
Let y(f) = -10*f**2 - 559*f + 66. Give y(-60).
-2394
Let k(p) = 13*p**2 - 330*p + 2049. What is k(15)?
24
Let t(p) = -p**3 - 112*p**2 - 692*p + 4399. Calculate t(-105).
-116
Let s(t) = -23003*t - 621409. Give s(-27).
-328
Let o(j) = 2*j**3 + 22*j**2 - 695*j + 3125. Give o(6).
179
Let l(z) = -2*z**3 - 46*z**2 - 787*z - 14705. Calculate l(-21).
58
Let u(q) = 157931*q - 3790368. Give u(24).
-24
Let x(g) = 726*g**2 + 1496*g + 78. Give x(-2).
-10
Let a(n) = 2*n**3 - 124*n**2 - 671*n - 544. Calculate a(67).
-611
Let n(i) = 2005*i + 583433. Determine n(-291).
-22
Let y(i) = -i**3 + 51*i**2 - 111*i + 739. Calculate y(49).
102
Let h(o) = o**2 - 203881*o - 6729157. Determine h(-33).
5
Let b(z) = z**3 + 36*z**2 + 199*z - 11. What is b(-25)?
1889
Let u(g) = 321*g + 38873. Calculate u(-121).
32
Let f(o) = 2*o**3 + 360*o**2 - 1091*o + 615. Give f(-183).
-666
Let l(w) = -3*w**3 + 54*w**2 - 77. Calculate l(16).
1459
Let l(x) = 2331177*x - 23311775. Determine l(10).
-5
Let m(i) = -i**2 + 3484*i + 70652. Give m(-20).
572
Let r(f) = 3*f**2 - 31438*f - 598405. Give r(-19).
0
Let l(b) = -4*b**2 + 59*b + 618. What is l(-7)?
9
Let h(u) = -u**3 - 42*u**2 - 625*u - 4956. Give h(-25).
44
Let b(g) = -280*g**2 + 19568*g + 223. What is b(70)?
-2017
Let b(w) = -9*w**3 + 93*w**2 - 9*w + 177. Determine b(11).
-648
Let r(f) = 87*f**2 - 3557*f + 9536. Give r(38).
-2
Let w(z) = -2*z**3 - 449*z**2 + 1114*z - 5124. Give w(-227).
-357
Let v(g) = g**3 + 142*g**2 + 9*g + 1440. Calculate v(-142).
162
Let c(y) = y**3 - 17*y**2 + 124*y - 2809. What is c(17)?
-701
Let u(q) = -5*q**3 + 38*q**2 - 62*q + 338. Give u(6).
254
Let u(c) = 253*c - 13159. Determine u(57).
1262
Let u(i) = -11*i**2 - 27392*i + 82280. What is u(3)?
5
Let c(a) = -622*a - 286888. Determine c(-461).
-146
Let n(l) = l**3 - 262*l**2 - 3281*l + 7. What is n(-12)?
-77
Let n(s) = 1556798*s + 23351952. Calculate n(-15).
-18
Let q(x) = 1548*x**2 - 23197*x - 348. Determine q(15).
-3
Let z(r) = 48033*r - 96182. Determine z(2).
-116
Let z(a) = -2*a**2 - 130842*a - 523330. What is z(-4)?
6
Let j(y) = 12*y**2 - 1800*y + 3556. Calculate j(148).
4
Let p(z) = -10*z**2 + 740*z + 7947. What is p(-10)?
-453
Let u(n) = 19*n**3 - 992*n**2 + 209*n - 92. Determine u(52).
-40
Let i(t) = -t**3 + 13*t**2 + 396*t - 3072. What is i(7)?
-6
Let y(k) = -8434*k + 1214514. What is y(144)?
18
Let a(s) = 22563*s + 22570. Determine a(-1).
7
Let n(u) = 41*u**3 - 54*u**2 - 114*u - 74. Give n(-1).
-55
Let g(a) = 444*a - 3699. What is g(7)?
-591
Let q(g) = g**3 + 6*g**2 - 2043*g + 4753. Calculate q(41).
-3
Let t(a) = 3784*a - 22690. What is t(6)?
14
Let s(q) = 26549*q - 2548612. Calculate s(96).
92
Let d(l) = 5*l**3 - 951*l**2 + 181*l + 1656. Determine d(190).
-54
Let u(z) = -37*z**2 + 1198*z - 100. Give u(30).
2540
Let m(w) = -29713*w + 208055. What is m(7)?
64
Let g(i) = -27429*i - 17773988. What is g(-648)?
4
Let x(t) = 12089*t + 109170. Calculate x(-9).
369
Let y(b) = -4*b**2 - 322*b + 235. Calculate y(-81).
73
Let h(x) = -60159*x - 481261. Give h(-8).
11
Let a(z) = z**2 - 1817*z - 25676. Determine a(-14).
-42
Let f(l) = 6*l**3 - 57*l**2 + 135*l - 1633. Give f(10).
17
Let l(v) = -3*v**3 - 2